{"id":14,"date":"2020-01-13T17:54:28","date_gmt":"2020-01-13T17:54:28","guid":{"rendered":"https:\/\/hs-stromschienen.ch\/?page_id=14"},"modified":"2020-09-02T06:26:42","modified_gmt":"2020-09-02T06:26:42","slug":"leistungen","status":"publish","type":"page","link":"https:\/\/hs-stromschienen.ch\/?page_id=14","title":{"rendered":"Dienstleistungen"},"content":{"rendered":"\n<p>Beratung, Planung, Projektierung und Montage. Die Koordinierung kommt f\u00fcr Sie aus einer Hand. Wir unterst\u00fctzen Sie bereits in der Planungsphase Ihrer Projekte, ermitteln Linienf\u00fchrungen im Bereich Stromschienen und bewerten dies mit Ihnen &#8211; von der Ausschreibung bis hin zu technischen Sonderl\u00f6sungen, von der pers\u00f6nlichen Betreuung bis zur schnellen Abwicklung. Spezifische Anpassungen f\u00fcr individuelle Schienenf\u00fchrungen sind ebenso ein fester Bestandteil unseres Portfolios. <\/p>\n\n\n\n<p><strong>Unsere Leistungen im \u00dcberblick<\/strong>:<\/p>\n\n\n\n<ul class=\"wp-block-list\"><li>Beratung von\nProjektbeginn f\u00fcr Planer und Betreiber<\/li><li>Dimensionierung\nund Festlegung von Anlagenkonzepten<\/li><li>Spannungsabfall-\nund Verlustleistungsberechnungen<\/li><li>Stromschienenaufnahme\nund -koordination vor Ort<\/li><li>CAD-gest\u00fctzte\nZeichnungserstellung (2D und 3D)<\/li><li>Elektronische\nErmittlung der ben\u00f6tigten Bauelemente und Befestigungen<\/li><li>Montage der\nermittelten Linienf\u00fchrung <\/li><li>Abnahme und\nbetriebsfertige \u00dcbergabe<\/li><li>Individuelle und\nzuverl\u00e4ssige Betreuung \u00fcber den gesamten Projektverlauf<\/li><\/ul>\n","protected":false},"excerpt":{"rendered":"<p>Beratung, Planung, Projektierung und Montage. Die Koordinierung kommt f\u00fcr Sie aus einer Hand. Wir unterst\u00fctzen Sie bereits in der Planungsphase Ihrer Projekte, [&hellip;]<\/p>\n","protected":false},"author":1,"featured_media":0,"parent":0,"menu_order":0,"comment_status":"closed","ping_status":"closed","template":"","meta":{"footnotes":""},"class_list":["post-14","page","type-page","status-publish","hentry"],"_links":{"self":[{"href":"https:\/\/hs-stromschienen.ch\/index.php?rest_route=\/wp\/v2\/pages\/14","targetHints":{"allow":["GET"]}}],"collection":[{"href":"https:\/\/hs-stromschienen.ch\/index.php?rest_route=\/wp\/v2\/pages"}],"about":[{"href":"https:\/\/hs-stromschienen.ch\/index.php?rest_route=\/wp\/v2\/types\/page"}],"author":[{"embeddable":true,"href":"https:\/\/hs-stromschienen.ch\/index.php?rest_route=\/wp\/v2\/users\/1"}],"replies":[{"embeddable":true,"href":"https:\/\/hs-stromschienen.ch\/index.php?rest_route=%2Fwp%2Fv2%2Fcomments&post=14"}],"version-history":[{"count":3,"href":"https:\/\/hs-stromschienen.ch\/index.php?rest_route=\/wp\/v2\/pages\/14\/revisions"}],"predecessor-version":[{"id":112,"href":"https:\/\/hs-stromschienen.ch\/index.php?rest_route=\/wp\/v2\/pages\/14\/revisions\/112"}],"wp:attachment":[{"href":"https:\/\/hs-stromschienen.ch\/index.php?rest_route=%2Fwp%2Fv2%2Fmedia&parent=14"}],"curies":[{"name":"wp","href":"https:\/\/api.w.org\/{rel}","templated":true}]}}